{"id":938,"date":"2018-09-04T11:43:53","date_gmt":"2018-09-04T09:43:53","guid":{"rendered":"https:\/\/www.fastbolt.com\/deutschland\/?page_id=938"},"modified":"2026-04-16T10:10:15","modified_gmt":"2026-04-16T08:10:15","slug":"ausbildung","status":"publish","type":"page","link":"https:\/\/www.fastbolt.com\/deutschland\/karriere\/ausbildung\/","title":{"rendered":"Ausbildungen"},"content":{"rendered":"<div class=\"wpb-content-wrapper\"><p>[vc_row full_width=&#8221;stretch_row_content_no_spaces&#8221; el_class=&#8221;text-white&#8221;][vc_column el_class=&#8221;text-white&#8221;][mhwp_slider height_desktop=&#8221;calc(100vh &#8211; 95px)&#8221; height_tablet=&#8221;calc(100vh &#8211; 95px)&#8221; height_smartphone=&#8221;calc(100vh &#8211; 95px)&#8221;][mhwp_slider_item img=&#8221;15721&#8243; headline=&#8221;<strong>AUSBILDUNG<\/strong>&#8220;]<\/p>\n<p style=\"text-align: center\"><span style=\"font-size: 18pt;color: #ffffff\">Willkommen in unserem Ausbildungsbereich. Sch\u00f6n, dass Du dich f\u00fcr eine Ausbildung bei Fastbolt interessierst. W\u00e4hrend Deiner Ausbildung lernst Du Fastbolt mit all seinen Facetten kennen.\u00a0 Wir freuen uns auf diese Weise, motivierte und qualifizierte junge Menschen f\u00fcr die Zukunft zu r\u00fcsten.\u00a0 Gerade in Zeiten des Fachkr\u00e4ftemangels sehen wir in der Eigenausbildung mit anschlie\u00dfender \u00dcbernahme der Auszubildenden die beste M\u00f6glichkeit, uns gemeinsam f\u00fcr die Zukunft stark zu machen.\u00a0<\/span><\/p>\n<p>[\/mhwp_slider_item][\/mhwp_slider][\/vc_column][\/vc_row][vc_section full_width=&#8221;stretch_row&#8221; full_height=&#8221;yes&#8221; content_placement=&#8221;middle&#8221; css=&#8221;.vc_custom_1680791578895{background-color: rgba(38,52,138,0.88) !important;*background-color: rgb(38,52,138) !important;}&#8221; el_id=&#8221;kaufmann-frau&#8221;][vc_row][vc_column][mhwp_button text=&#8221;Zum Ausbildungsangebot&#8221; link=&#8221;url:%23Ausbildungsangebot&#8221;][vc_empty_space height=&#8221;64px&#8221;][\/vc_column][\/vc_row][vc_row][vc_column width=&#8221;2\/3&#8243;][vc_column_text]<\/p>\n<h2><span style=\"color: #ffffff\">Warum solltest Du Deine Ausbildung bei Fastbolt machen?<\/span><\/h2>\n<p><span style=\"color: #ffffff\">Von Gronau-Epe aus versorgen wir Schraubenh\u00e4ndler in ganz Europa mit unseren Produkten. Mit knapp 80 MitarbeiterInnen am Standort Gronau-Epe sind wir ein mittelst\u00e4ndisches Unternehmen, mit Niederlassungen in drei weiteren L\u00e4ndern. Bei uns bekommst Du einen Ausbildungsplatz ganz in der N\u00e4he der Heimat, bei dem Du aber gleichzeitig auch internationale Luft schnuppern kannst.<\/span><\/p>\n<p><span style=\"color: #ffffff\">Deine Fremdsprachenkenntnisse kannst Du nicht nur im Austausch mit unseren Kunden in ganz Europa einsetzen, sondern auch in der Zusammenarbeit mit unseren Schwestergesellschaften in Milton Keynes, England, Albergaria-a Velha, Portugal und Shanghai, China. Gerne unterst\u00fctzen wir Dich auch bei einem Auslandspraktikum in England oder Portugal oder auch in einem von Dir gew\u00e4hlten Land.<\/span><\/p>\n<p><span style=\"color: #ffffff\">Neben der Arbeit darf bei Fastbolt auch der Spa\u00df im Team nicht zu kurz kommen. Wir kommen regelm\u00e4\u00dfig zu gemeinsamen Grillfesten und Weihnachtsfeiern zusammen und haben zuletzt 2022 unser 40-j\u00e4hriges Firmenbestehen gefeiert. Auch sportlich ist das Fastbolt-Team aktiv, ob beim Fu\u00dfball mit unserer Fastbolt-Elf, beim Eper Survival Lauf oder nur als Tipper bei unseren Bundesliga-, EM- und WM-Tipprunden mit attraktiven Gewinnen.<\/span>[\/vc_column_text][\/vc_column][vc_column width=&#8221;1\/3&#8243; css=&#8221;.vc_custom_1630326859710{background-color: #f2f2f2 !important;}&#8221;][vc_column_text]<\/p>\n<h2><span style=\"color: #26348a\">Benefits<\/span><\/h2>\n<ul>\n<li><span style=\"color: #26348a;font-size: 12pt\">Kosten\u00fcbernahme f\u00fcr das 49\u20ac-Ticket<\/span><\/li>\n<li><span style=\"color: #26348a;font-size: 12pt\">ausbildungsbezogene Seminare und Lehrg\u00e4nge<\/span><\/li>\n<li><span style=\"color: #26348a\">Pr\u00fcfungsvorbereitungskurse<\/span><\/li>\n<li><span style=\"color: #26348a;font-size: 12pt\">freie Nachmittage nach der Schule<\/span><\/li>\n<li><span style=\"color: #26348a;font-size: 12pt\">M\u00f6glichkeit eines Auslandspraktikums in einer unserer Niederlassungen<\/span><\/li>\n<li><span style=\"color: #26348a;font-size: 12pt\">europaweite Kundenbeziehungen<\/span><\/li>\n<li><span style=\"color: #26348a;font-size: 12pt\">gemeinsame Grill- und Weihnachtsfeiern<\/span><\/li>\n<li><span style=\"color: #26348a;font-size: 12pt\">gemeinsame sportliche Aktivit\u00e4ten<\/span><\/li>\n<li><span style=\"color: #26348a;font-size: 12pt\">30 Tage Urlaub<\/span><\/li>\n<\/ul>\n<p>[\/vc_column_text][vc_empty_space height=&#8221;45&#8243;][\/vc_column][\/vc_row][vc_row][vc_column][mhwp_teaser img=&#8221;15725&#8243;][\/mhwp_teaser][\/vc_column][\/vc_row][\/vc_section][vc_section full_width=&#8221;stretch_row&#8221; full_height=&#8221;yes&#8221; content_placement=&#8221;middle&#8221;][vc_row][vc_column][vc_empty_space][\/vc_column][\/vc_row][vc_row][vc_column][vc_column_text]<\/p>\n<h2><span style=\"color: #26348a\">Warum sind unsere Azubis gerne bei Fastbolt?<\/span><\/h2>\n<p>[\/vc_column_text][\/vc_column][\/vc_row][vc_row][vc_column][vc_images_carousel images=&#8221;62524,15558,62523,62651&#8243; img_size=&#8221;1350&#215;700&#8243; css=&#8221;&#8221;][\/vc_column][\/vc_row][vc_row][vc_column][vc_empty_space][\/vc_column][\/vc_row][vc_row][vc_column][vc_empty_space][mhwp_button text=&#8221;Jetzt bewerben&#8221; link=&#8221;url:https%3A%2F%2Fwww.fastbolt.com%2Fdeutschland%2Fkarriere%2Fausbildung%2Fbewerbungsformular-ausbildung%2F|target:_blank&#8221; css_animation=&#8221;fadeInUp&#8221; css=&#8221;.vc_custom_1706603090107{background-color: #d5272a !important;}&#8221;][vc_empty_space][\/vc_column][\/vc_row][vc_row el_id=&#8221;Ausbildungsangebot&#8221;][vc_column][vc_column_text]<\/p>\n<h2><span style=\"color: #26348a\">Unsere Ausbildungsberufe<\/span><\/h2>\n<p>[\/vc_column_text][\/vc_column][\/vc_row][vc_row][vc_column width=&#8221;1\/2&#8243;][mhwp_teaser overlay_2=&#8221;true&#8221; img=&#8221;15954&#8243; headline=&#8221;Ausbildung zur Fachkraft f\u00fcr Lagerlogistik (m\/w\/d)&#8221; link=&#8221;url:https%3A%2F%2Fwww.fastbolt.com%2Fdeutschland%2Fjobs%2Fausbildung-lagerlogistik%2F|title:Fachkraft%20f%C3%BCr%20Lagerlogistik%20(M%2FW%2FD)|target:_blank&#8221;][\/mhwp_teaser][mhwp_teaser overlay_2=&#8221;true&#8221; img=&#8221;15955&#8243; headline=&#8221;Duales Studium &#8211; Bachelor of Arts &#8211; Betriebswirtschaft \/ Gro\u00df- und Au\u00dfenhandelsmanagement (m\/w\/d)&#8221; link=&#8221;url:https%3A%2F%2Fwww.fastbolt.com%2Fdeutschland%2Fjobs%2Fduales-studium-bachelor-of-arts-betriebswirtschaft%2F|title:Duales%20Studium%20%E2%80%93%20Bachelor%20of%20Arts%20%E2%80%93%20Betriebswirtschaft|target:_blank&#8221;][\/mhwp_teaser][\/vc_column][vc_column width=&#8221;1\/2&#8243;][mhwp_teaser overlay_2=&#8221;true&#8221; img=&#8221;15956&#8243; headline=&#8221;Ausbildung zum Kaufmann im Gro\u00df- und Au\u00dfenhandelsmanagement (m\/w\/d)&#8221; link=&#8221;url:https%3A%2F%2Fwww.fastbolt.com%2Fdeutschland%2Fjobs%2Fausbildung-kaufmaennisch%2F|target:_blank&#8221;][\/mhwp_teaser][mhwp_teaser overlay_2=&#8221;true&#8221; img=&#8221;63599&#8243; headline=&#8221;Ausbildung zum Fachinformatiker f\u00fcr Systemintegration (m\/w\/d)&#8221; link=&#8221;url:https%3A%2F%2Fwww.fastbolt.com%2Fdeutschland%2Fjobs%2Fausbildung-zum-fachinformatiker-fuer-systemintegration-m-w-d%2F|title:Ausbildung%20zum%20Fachinformatiker%20f%C3%BCr%20Systemintegration%20(m%2Fw%2Fd)&#8221;][\/mhwp_teaser][\/vc_column][\/vc_row][vc_row][vc_column][vc_empty_space][mhwp_button text=&#8221;Jetzt bewerben&#8221; link=&#8221;url:https%3A%2F%2Fwww.fastbolt.com%2Fdeutschland%2Fkarriere%2Fausbildung%2Fbewerbungsformular-ausbildung%2F|target:_blank&#8221; css_animation=&#8221;fadeInUp&#8221; css=&#8221;.vc_custom_1706603667755{background-color: #d5272a !important;}&#8221;][vc_empty_space][\/vc_column][\/vc_row][vc_row][vc_column][vc_column_text]<\/p>\n<h2 style=\"text-align: justify\"><span style=\"color: #26348a\">Wissenswertes zum Bewerbungsprozess<\/span><\/h2>\n<p style=\"text-align: justify\">Wir haben Dich \u00fcberzeugt und Du m\u00f6chtest dich f\u00fcr eine Ausbildungsstelle bei uns bewerben? Hier findest Du einige n\u00fctzliche Hinweise, wie unser Bewerbungsprozess abl\u00e4uft:<\/p>\n<p style=\"text-align: justify\">Du kannst gerne das <a href=\"https:\/\/www.fastbolt.com\/deutschland\/karriere\/ausbildung\/bewerbungsformular-ausbildung\/\">Bewerbungsformular<\/a> unter der jeweiligen Ausbildungsstelle benutzen oder Du schickst uns Deine Bewerbungsunterlagen, am besten als eine zusammenh\u00e4ngende PDF-Datei, an <a href=\"m&#97;&#105;&#x6c;&#x74;&#x6f;:k&#97;&#114;&#x72;&#x69;&#x65;r&#101;&#64;&#102;&#x61;&#x73;&#x74;b&#111;&#108;&#x74;&#x2e;&#x63;om\">&#107;&#x61;&#x72;r&#105;&#x65;r&#101;&#x40;f&#97;&#x73;t&#98;&#x6f;&#x6c;&#116;&#x2e;&#x63;o&#109;<\/a>.<\/p>\n<h3 style=\"text-align: justify\">Welche Unterlagen ben\u00f6tigen wir von Dir?<\/h3>\n<p style=\"text-align: justify\">Bitte schicke uns Deinen <strong>tabellarischen Lebenslauf<\/strong>. Darin kannst du auff\u00fchren, welche Schulausbildung du hast, welche Praktika du absolviert hast und ob du z. B. ehremamtlich t\u00e4tig bist.<\/p>\n<p style=\"text-align: justify\">Wir m\u00f6chten Dich au\u00dferdem bitten, uns mindestens Dein <strong>letztes Schulzeugnis<\/strong> zu schicken. Damit wir uns einen Eindruck \u00fcber Deine schulische Entwicklung verschaffen k\u00f6nnen, w\u00e4ren die letzten 2-3 Schulzeugnisse noch aussagekr\u00e4ftiger.<\/p>\n<p>Abschlie\u00dfend kannst Du uns gern ein <strong>Anschreiben<\/strong> schicken, in dem Du z. B. erkl\u00e4rst, wie du auf uns aufmerksam geworden bist und warum Du Deine Ausbildung gern bei uns machen m\u00f6chtest.<\/p>\n<h3 style=\"text-align: justify\">Wie geht es dann weiter?<\/h3>\n<p style=\"text-align: justify\">Wenn wir Deine Unterlagen bekommen haben, bekommst Du eine Eingangsbest\u00e4tigung per E-Mail. Bitte habe Verst\u00e4ndnis, dass wir nicht immer sofort Auskunft zum Stand der Bewerbung geben k\u00f6nnen \u2013 Du bekommst eine Antwort von uns. Wenn Du in der Zwischenzeit Fragen hast, wende Dich gerne per E-Mail an <a href=\"&#109;&#x61;&#x69;l&#116;&#x6f;:&#107;&#x61;r&#114;&#x69;e&#114;&#x65;&#x40;&#102;&#x61;&#x73;t&#98;&#x6f;l&#116;&#x2e;c&#111;&#x6d;\">k&#97;&#114;&#x72;&#x69;&#x65;re&#64;&#102;&#x61;&#x73;&#x74;b&#111;&#108;&#116;&#x2e;&#x63;&#x6f;m<\/a><\/p>\n<p>[\/vc_column_text][\/vc_column][\/vc_row][vc_row][vc_column][vc_empty_space][\/vc_column][\/vc_row][vc_row el_id=&#8221;azubiblog&#8221;][vc_column][vc_column_text]<\/p>\n<h2 style=\"text-align: center\"><a href=\"https:\/\/www.fastbolt.com\/deutschland\/azubiblog\/\">Fastbolt Azubi-Blog<\/a><\/h2>\n<p>[\/vc_column_text][mhwp_news category=&#8221;azubiblog&#8221; items=&#8221;6&#8243; sameheight=&#8221;true&#8221; css_animation=&#8221;fadeIn&#8221; anzahl=&#8221;3&#8243;][\/vc_column][\/vc_row][vc_row][vc_column][\/vc_column][\/vc_row][\/vc_section]<\/p>\n<\/div>","protected":false},"excerpt":{"rendered":"<p>[vc_row full_width=&#8221;stretch_row_content_no_spaces&#8221; el_class=&#8221;text-white&#8221;][vc_column el_class=&#8221;text-white&#8221;][mhwp_slider height_desktop=&#8221;calc(100vh &#8211; 95px)&#8221; height_tablet=&#8221;calc(100vh &#8211; 95px)&#8221; height_smartphone=&#8221;calc(100vh &#8211; 95px)&#8221;][mhwp_slider_item img=&#8221;15721&#8243; headline=&#8221;AUSBILDUNG&#8220;] Willkommen in unserem Ausbildungsbereich. Sch\u00f6n, dass Du dich f\u00fcr eine Ausbildung bei Fastbolt interessierst. W\u00e4hrend Deiner Ausbildung lernst Du Fastbolt mit all seinen Facetten kennen.\u00a0 Wir freuen uns auf diese Weise, motivierte und qualifizierte junge Menschen f\u00fcr die Zukunft zu [&hellip;]<\/p>\n","protected":false},"author":5,"featured_media":0,"parent":21,"menu_order":4,"comment_status":"closed","ping_status":"closed","template":"tpl-no-padding.php","meta":{"_acf_changed":false,"inline_featured_image":false,"footnotes":""},"class_list":["post-938","page","type-page","status-publish","hentry"],"acf":[],"yoast_head":"<!-- This site is optimized with the Yoast SEO plugin v27.3 - https:\/\/yoast.com\/product\/yoast-seo-wordpress\/ -->\n<title>Ausbildungen - Fastbolt Deutschland<\/title>\n<meta name=\"description\" content=\"Ausbildung bei Fastbolt in Gronau als Fachinformatiker\/in, Kauffr.\/-mann im E-Commerce, Kauffr.\/-mann im Gro\u00df- und Au\u00dfenhandel, Fachkraft f\u00fcr Lager\/Logistik\" \/>\n<meta name=\"robots\" content=\"index, follow, max-snippet:-1, max-image-preview:large, max-video-preview:-1\" \/>\n<link rel=\"canonical\" href=\"https:\/\/www.fastbolt.com\/deutschland\/karriere\/ausbildung\/\" \/>\n<meta property=\"og:locale\" content=\"de_DE\" \/>\n<meta property=\"og:type\" content=\"article\" \/>\n<meta property=\"og:title\" content=\"Ausbildungen - Fastbolt Deutschland\" \/>\n<meta property=\"og:description\" content=\"Ausbildung bei Fastbolt in Gronau als Fachinformatiker\/in, Kauffr.\/-mann im E-Commerce, Kauffr.\/-mann im Gro\u00df- und Au\u00dfenhandel, Fachkraft f\u00fcr Lager\/Logistik\" \/>\n<meta property=\"og:url\" content=\"https:\/\/www.fastbolt.com\/deutschland\/karriere\/ausbildung\/\" \/>\n<meta property=\"og:site_name\" content=\"Fastbolt Deutschland\" \/>\n<meta property=\"article:modified_time\" content=\"2026-04-16T08:10:15+00:00\" \/>\n<meta name=\"twitter:card\" content=\"summary_large_image\" \/>\n<meta name=\"twitter:label1\" content=\"Gesch\u00e4tzte Lesezeit\" \/>\n\t<meta name=\"twitter:data1\" content=\"3\u00a0Minuten\" \/>\n<!-- \/ Yoast SEO plugin. -->","yoast_head_json":{"title":"Ausbildungen - Fastbolt Deutschland","description":"Ausbildung bei Fastbolt in Gronau als Fachinformatiker\/in, Kauffr.\/-mann im E-Commerce, Kauffr.\/-mann im Gro\u00df- und Au\u00dfenhandel, Fachkraft f\u00fcr Lager\/Logistik","robots":{"index":"index","follow":"follow","max-snippet":"max-snippet:-1","max-image-preview":"max-image-preview:large","max-video-preview":"max-video-preview:-1"},"canonical":"https:\/\/www.fastbolt.com\/deutschland\/karriere\/ausbildung\/","og_locale":"de_DE","og_type":"article","og_title":"Ausbildungen - Fastbolt Deutschland","og_description":"Ausbildung bei Fastbolt in Gronau als Fachinformatiker\/in, Kauffr.\/-mann im E-Commerce, Kauffr.\/-mann im Gro\u00df- und Au\u00dfenhandel, Fachkraft f\u00fcr Lager\/Logistik","og_url":"https:\/\/www.fastbolt.com\/deutschland\/karriere\/ausbildung\/","og_site_name":"Fastbolt Deutschland","article_modified_time":"2026-04-16T08:10:15+00:00","twitter_card":"summary_large_image","twitter_misc":{"Gesch\u00e4tzte Lesezeit":"3\u00a0Minuten"},"schema":{"@context":"https:\/\/schema.org","@graph":[{"@type":"WebPage","@id":"https:\/\/www.fastbolt.com\/deutschland\/karriere\/ausbildung\/","url":"https:\/\/www.fastbolt.com\/deutschland\/karriere\/ausbildung\/","name":"Ausbildungen - Fastbolt Deutschland","isPartOf":{"@id":"https:\/\/www.fastbolt.com\/deutschland\/#website"},"datePublished":"2018-09-04T09:43:53+00:00","dateModified":"2026-04-16T08:10:15+00:00","description":"Ausbildung bei Fastbolt in Gronau als Fachinformatiker\/in, Kauffr.\/-mann im E-Commerce, Kauffr.\/-mann im Gro\u00df- und Au\u00dfenhandel, Fachkraft f\u00fcr Lager\/Logistik","breadcrumb":{"@id":"https:\/\/www.fastbolt.com\/deutschland\/karriere\/ausbildung\/#breadcrumb"},"inLanguage":"de","potentialAction":[{"@type":"ReadAction","target":["https:\/\/www.fastbolt.com\/deutschland\/karriere\/ausbildung\/"]}]},{"@type":"BreadcrumbList","@id":"https:\/\/www.fastbolt.com\/deutschland\/karriere\/ausbildung\/#breadcrumb","itemListElement":[{"@type":"ListItem","position":1,"name":"Startseite","item":"https:\/\/www.fastbolt.com\/deutschland\/"},{"@type":"ListItem","position":2,"name":"Karriere","item":"https:\/\/www.fastbolt.com\/deutschland\/karriere\/"},{"@type":"ListItem","position":3,"name":"Ausbildungen"}]},{"@type":"WebSite","@id":"https:\/\/www.fastbolt.com\/deutschland\/#website","url":"https:\/\/www.fastbolt.com\/deutschland\/","name":"Fastbolt Deutschland","description":"Eine weitere Fastbolt Websites Website","potentialAction":[{"@type":"SearchAction","target":{"@type":"EntryPoint","urlTemplate":"https:\/\/www.fastbolt.com\/deutschland\/?s={search_term_string}"},"query-input":{"@type":"PropertyValueSpecification","valueRequired":true,"valueName":"search_term_string"}}],"inLanguage":"de"}]}},"_links":{"self":[{"href":"https:\/\/www.fastbolt.com\/deutschland\/wp-json\/wp\/v2\/pages\/938","targetHints":{"allow":["GET"]}}],"collection":[{"href":"https:\/\/www.fastbolt.com\/deutschland\/wp-json\/wp\/v2\/pages"}],"about":[{"href":"https:\/\/www.fastbolt.com\/deutschland\/wp-json\/wp\/v2\/types\/page"}],"author":[{"embeddable":true,"href":"https:\/\/www.fastbolt.com\/deutschland\/wp-json\/wp\/v2\/users\/5"}],"replies":[{"embeddable":true,"href":"https:\/\/www.fastbolt.com\/deutschland\/wp-json\/wp\/v2\/comments?post=938"}],"version-history":[{"count":108,"href":"https:\/\/www.fastbolt.com\/deutschland\/wp-json\/wp\/v2\/pages\/938\/revisions"}],"predecessor-version":[{"id":63605,"href":"https:\/\/www.fastbolt.com\/deutschland\/wp-json\/wp\/v2\/pages\/938\/revisions\/63605"}],"up":[{"embeddable":true,"href":"https:\/\/www.fastbolt.com\/deutschland\/wp-json\/wp\/v2\/pages\/21"}],"wp:attachment":[{"href":"https:\/\/www.fastbolt.com\/deutschland\/wp-json\/wp\/v2\/media?parent=938"}],"curies":[{"name":"wp","href":"https:\/\/api.w.org\/{rel}","templated":true}]}}